isor of 159 and 212.
53
What is the highest common divisor of 3534 and 114?
114
Calculate the highest common divisor of 38948 and 7.
7
Calculate the greatest common divisor of 22 and 47322.
22
Calculate the greatest common divisor of 88 and 374.
22
Calculate the highest common factor of 4 and 3.
1
Calculate the greatest common factor of 59 and 20945.
59
Calculate the greatest common divisor of 6 and 51.
3
What is the greatest common divisor of 276 and 24?
12
Calculate the highest common divisor of 85 and 68.
17
What is the highest common divisor of 612 and 216?
36
What is the greatest common factor of 1 and 25?
1
Calculate the greatest common divisor of 114 and 266.
38
Calculate the greatest common factor of 41 and 697.
41
Calculate the greatest common factor of 189 and 42.
21
Calculate the highest common factor of 47 and 1269.
47
What is the greatest common divisor of 165 and 176?
11
What is the greatest common divisor of 14628 and 414?
138
What is the greatest common divisor of 16 and 496?
16
Calculate the highest common factor of 428 and 2.
2
What is the greatest common divisor of 36 and 96?
12
Calculate the highest common divisor of 10 and 6480.
10
What is the greatest common divisor of 2948 and 132?
44
What is the greatest common factor of 136 and 1836?
68
Calculate the greatest common divisor of 99 and 242.
11
What is the greatest common factor of 160 and 460?
20
What is the greatest common divisor of 5535 and 405?
135
Calculate the greatest common factor of 22 and 64.
2
Calculate the greatest common divisor of 56 and 4228.
28
What is the highest common factor of 288 and 18?
18
What is the highest common factor of 5 and 5?
5
Calculate the greatest common divisor of 38 and 2489.
19
Calculate the greatest common factor of 56 and 88.
8
What is the greatest common factor of 7416 and 103?
103
Calculate the highest common divisor of 87 and 203.
29
What is the greatest common divisor of 10368 and 128?
128
What is the highest common divisor of 5520 and 960?
240
Calculate the highest common factor of 3 and 111.
3
Calculate the greatest common divisor of 125 and 575.
25
Calculate the highest common divisor of 13356 and 14.
14
What is the highest common factor of 38 and 323?
19
Calculate the greatest common divisor of 416 and 312.
104
Calculate the highest common divisor of 737 and 67.
67
Calculate the greatest common divisor of 304 and 80.
16
What is the highest common divisor of 34218 and 18?
18
What is the highest common divisor of 1200 and 375?
75
What is the highest common divisor of 10 and 5?
5
Calculate the highest common divisor of 9 and 504.
9
What is the greatest common divisor of 70 and 1645?
35
Calculate the greatest common divisor of 1962 and 63.
9
Calculate the highest common divisor of 286 and 273.
13
What is the greatest common factor of 29 and 1711?
29
What is the greatest common factor of 2660 and 14?
14
What is the highest common factor of 571 and 2?
1
What is the greatest common divisor of 1564 and 136?
68
Calculate the highest common factor of 16 and 3576.
8
What is the highest common divisor of 760 and 720?
40
Calculate the greatest common factor of 30 and 45.
15
Calculate the greatest common factor of 86 and 129.
43
What is the greatest common divisor of 4063 and 51?
17
What is the highest common divisor of 16 and 496?
16
Calculate the greatest common divisor of 35 and 72205.
35
Calculate the highest common divisor of 218 and 2.
2
What is the greatest common factor of 3321 and 41?
41
What is the highest common factor of 486 and 567?
81
What is the greatest common divisor of 598 and 806?
26
Calculate the highest common factor of 4050 and 150.
150
What is the greatest common factor of 3 and 182?
1
What is the highest common divisor of 33 and 231?
33
What is the highest common divisor of 14 and 441?
7
What is the highest common factor of 3922 and 222?
74
What is the greatest common divisor of 11685 and 123?
123
What is the highest common divisor of 5252 and 286?
26
What is the highest common divisor of 264 and 33?
33
Calculate the greatest common factor of 30 and 41030.
10
What is the greatest common factor of 12 and 1356?
12
What is the greatest common factor of 714 and 204?
102
Calculate the highest common divisor of 575 and 115.
115
Calculate the highest common divisor of 10830 and 30.
30
Calculate the highest common factor of 725 and 58.
29
Calculate the highest common divisor of 9 and 12.
3
What is the highest common divisor of 22352 and 16?
16
Calculate the greatest common divisor of 2648 and 16.
8
Calculate the greatest common divisor of 87 and 39759.
87
Calculate the highest common divisor of 8601 and 141.
141
Calculate the greatest common divisor of 46 and 414.
46
Calculate the greatest common divisor of 32 and 368.
16
Calculate the greatest common factor of 104 and 9516.
52
What is the greatest common factor of 6454 and 112?
14
Calculate the greatest common divisor of 1098 and 4.
2
What is the greatest common divisor of 55 and 1870?
55
Calculate the greatest common divisor of 705 and 105.
15
Calculate the highest common divisor of 36 and 27558.
18
Calculate the highest common divisor of 17 and 170.
17
What is the highest common factor of 3 and 153?
3
What is the highest common divisor of 1001 and 77?
77
What is the greatest common factor of 160 and 4064?
32
What is the greatest common factor of 713 and 31?
31
Calculate the greatest common factor of 18 and 2304.
18
What is the greatest common divisor of 401 and 23?
1
What is the highest common factor of 64 and 704?
64
Calculate the greatest common divisor of 18 and 1824.
6
What is the highest common factor of 1659 and 21?
21
What is the greatest common factor of 247 and 26?
13
What is the greatest common factor of 55 and 2035?
55
What is the greatest common divisor of 6222 and 357?
51
What is the greatest common factor of 208 and 78?
26
Calculate the highest common factor of 117 and 27.
9
Calculate the greatest common divisor of 6 and 618.
6
Calculate the greatest common divisor of 39 and 143.
13
Calculate the greatest common factor of 155 and 235.
5
What is the greatest common factor of 5300 and 424?
212
What is the greatest common factor of 6137 and 3971?
361
What is the highest common factor of 777 and 740?
37
What is the highest common factor of 58 and 32248?
58
What is the greatest common factor of 15 and 1545?
15
Calculate the greatest common factor of 204 and 357.
51
Calculate the highest common factor of 2959 and 11.
11
Calculate the greatest common divisor of 1178 and 1710.
38
What is the greatest common factor of 671 and 244?
61
What is the greatest common factor of 84 and 1344?
84
Calculate the highest common factor of 456 and 18924.
228
Calculate the greatest common factor of 16 and 1.
1
What is the greatest common factor of 80 and 1150?
10
What is the highest common factor of 28 and 1372?
28
What is the highest common divisor of 76 and 16?
4
Calculate the highest common factor of 39 and 996.
3
Calculate the highest common factor of 31 and 5549.
31
Calculate the highest common divisor of 489 and 9.
3
Calculate the highest common factor of 35 and 50715.
35
What is the greatest common factor of 13 and 6799?
13
What is the greatest common divisor of 120 and 552?
24
What is the highest common factor of 2497 and 11?
11
Calculate the greatest common divisor of 152 and 16.
8
What is the greatest common factor of 847 and 14?
7
What is the greatest common divisor of 35 and 665?
35
Calculate the highest common divisor of 868 and 406.
14
Calculate the highest common divisor of 1581 and 2046.
93
What is the highest common factor of 207 and 31257?
207
Calculate the greatest common factor of 486 and 2592.
162
Calculate the greatest common factor of 201 and 670.
67
What is the highest common factor of 58 and 841?
29
Calculate the greatest common factor of 77 and 88.
11
Calculate the greatest common factor of 817 and 559.
43
What is the greatest common divisor of 513 and 243?
27
Calculate the highest common factor of 22 and 3.
1
Calculate the highest common factor of 1145 and 1832.
229
Calculate the greatest common divisor of 69 and 3473.
23
What is the highest common factor of 117 and 195?
39
What is the greatest common divisor of 1869 and 42?
21
What is the highest c